 (84 - (230 - 216)) + (0 - 10)?
60
Calculate (-2 - (8 + (12 - 25) - (-34 + 3))) + 11.
-17
What is the value of -3 - (14 - (31 - -18 - (6 + -3 + 7)))?
22
71 - 124 - (11 + 3 + -16)
-51
Evaluate 19 - ((0 - 0 - 1) + (-46 - (63 + -119))).
10
Calculate -2 + 40 + 5 + (15 - -2) + -25.
35
(-567 - -524) + (66 - -1) + (2 - -2)
28
Calculate -1 + -1 - (14 + -36 - -25 - 15).
10
What is -28 - ((7 - 12) + -5) - (-10 + -41)?
33
What is the value of -9 - (-17 + (0 - 15) + 34)?
-11
Calculate (87 - (-4 + 6)) + (31 - (55 - 11)).
72
Calculate 1 + 12 + -19 + (25 - 9).
10
What is (-15 - (1 - 2)) + 2384 + -2374?
-4
(4 - (-8 + 6)) + (-1 - (-1 - 0) - 51)
-45
What is -4189 + 4186 + (-1 + -105 - (0 - 2))?
-107
What is the value of 36 - (-25 - (-43 + 20)) - ((-2 - -15) + 2)?
23
What is the value of 40 - (-13 - -38) - ((-10 - -3) + -28)?
50
Evaluate -41 + (11 - -38) - (-7 - (-19 - (-3 - -7))).
-8
2 + 114 - (-5 + 35 + -37 + -8)
131
Calculate (-7 - 38) + 11 - (94 + -84).
-44
What is the value of -4 + 18 + (-2 - (-17 + 13) - -12 - 140)?
-112
What is the value of (75 - (7 - -3)) + (5 - (-19 - -29))?
60
What is -81 + -17 + (36 + 17 - 19) - 0?
-64
What is the value of -119 - 7 - -10 - ((-6 - (-28 + 18)) + 0)?
-120
Evaluate (132 - 159) + (59 - 6).
26
What is the value of (-47 + 20 - 3) + 23 + 38 + 1 + 1?
33
What is 43 + (10 - (103 - 61))?
11
Evaluate -80 + 47 + 36 + 7 + -11 + 30 + -1.
28
(5 - 8) + -37 + 108 + -19 + 0 + -8
41
Calculate 0 - 10 - ((-20 - -21) + -97 + 3 + 9).
74
What is the value of -65 + -64 + 128 + -23?
-24
Calculate 6 + -1 + (-1 - 0 - (-31 - -32)) - 7.
-4
Evaluate (-7 - -118) + -1550 + 1439.
0
What is the value of (-6 - (4 - 8)) + -3 + -3953 + 3973?
15
Evaluate (-3 + 2 - 2 - -5) + -77 + 50.
-25
What is -56 - ((2 - -7) + -12 + 20 + -13)?
-60
Calculate 10 + 25 + -31 + -14 - -8.
-2
Calculate (2 - -40) + 20 - 98.
-36
Evaluate 51 + (-12 - (15 - 3)) + 33 + -10 + -1.
49
Evaluate (42 - (27 + (-29 - -10))) + 25.
59
Calculate (22 - (14 - (5 - 6))) + (6 - (-7 + 3)).
17
What is (-16 + 3 - 0 - -21 - 1) + -31?
-24
Calculate 4 - (4 - -3 - (-10 + 11) - -2).
-4
Evaluate -4 + -4 + 45 + -55 + 27 + 2.
11
What is the value of (48 - 67 - 50) + (8 - 0)?
-61
4 + (3 - -3 - (88 - (2 + 11)) - -9)
-56
What is -1 + 15 - 0 - (93 + (25 - 83))?
-21
What is the value of -17 + -60 + -7 + -2?
-86
What is (-1 - -18) + (-32 - (24 - 51)) - 122?
-110
Calculate -1 + 0 + -56 + -26410 + 26396.
-71
Evaluate -9 + (45 + -53 - 27).
-44
What is the value of 1 + -27 + 45 + -39 + -9 + 44?
15
What is the value of (7 + -5 - ((0 - -9) + -9 - 5)) + -45?
-38
-157 + 63 - (-7 + 1)
-88
Evaluate (-8 - (9 - (46 + -34 - (-2 - 1)))) + -80.
-82
-15 + -4 + (1 - 12)
-30
What is the value of 63 + -53 + (-31 - -60)?
39
Evaluate -26066 + 26202 + -213 + 1.
-76
-12 - (-73 + (-48 - -32) + 49)
28
Evaluate -1 - ((80 - (-7 - 23)) + -29).
-82
Evaluate (-2 - -1) + -46 + 26360 + -26402.
-89
(-11 - -2 - (1019 - 1011)) + -1 + -5
-23
What is the value of -31 + (-2 - 3) + (7 - (37 - 20))?
-46
What is -37 + (-4 - -14) + 58 + -80?
-49
What is (97 + -63 - (13 - -2)) + 19 + 71?
109
Evaluate 13 - (23 + 0 - (-162 + 183 + (-20 - 4))).
-13
What is the value of (1 - -27) + 1923 + -1950?
1
Evaluate (-26 - (-14 - 6)) + 3 + 18.
15
What is the value of -6 + 71 + -75 + 2 + (9 - 1)?
0
21 - 1 - (-16 - 45 - -120)
-39
What is (-639 - -596) + (-3 - ((0 - 1) + -8))?
-37
What is the value of (-5 + 41 - (-1 - -1)) + (34 - 40 - 1)?
29
(36 - 65 - -106) + -37
40
What is 18 + 9 + (-7 + 43 - 22)?
41
Evaluate -6 + 85 + -34 + -80.
-35
What is 65 + -39 + -1 - (25 + -9)?
9
-131 + (45 - 14 - -59)
-41
What is -56 + (165 - (25 - -48))?
36
Evaluate -29 + (-4 - -13) + -26 + 18.
-28
Calculate (-1580 - -1627) + (0 - (1 + -35)).
81
Calculate 3 + 0 - 0 - (-26 + (-8 - -46)).
-9
28 + (-63 - -48) - (2 + 21) - (-2 - 74)
66
What is the value of -56 + (33 + 26 + -60 - (2 + -10))?
-49
What is the value of (8 - 1) + 107 + (-158 - -45) + -1 + 17?
17
-31 + (-39 - -85) + (4 - -4) + 14
37
Evaluate 2 + -25 + 15 + -4 + 1.
-11
Calculate (2 - -42) + (42 + 56 - 10).
132
What is 32 + -3 + -1 - (2 + -2) - 8?
20
Evaluate -4132 - -4112 - (0 - 78).
58
What is the value of -4 + 3 - (3 + 0 - 9)?
5
Evaluate (0 + (-9 + 0 - (29 + -37)) - 4) + -7.
-12
What is (-4 - (-1 + -13)) + (-5 - 14) + 54 + 8?
53
Evaluate (-4 + 17 - (29 - (-11 + 4))) + -68.
-91
-27 + 26 + -51 + 58
6
Evaluate (80 - 76) + (147 - 86).
65
Evaluate (809 - 812) + (0 - 9 - (0 + (1 - 3))).
-10
Calculate 23 + (-22 - (70 + -17)).
-52
What is (-1881 - -1872 - (3 - 7 - (1 - 0))) + -48?
-52
Calculate -7 - -103 - (679 - 687).
104
Evaluate 16 + 6 + -4 - (127 + -36 + 24).
-97
What is -33 + (31 + -16 - 16) + (-13 - -1)?
-46
Evaluate -46 - (-33 - (-14 + -27) - (17 - -1)).
-36
What is 466 - 446 - (-10 - (-2 - (-4 - 2)))?
34
Calculate (-4 + 10 - 26) + (22 - 10) + -30.
-38
What is the value of 43 + -13 + 40 + -47?
23
Calculate 73 - (9 + -3 + -3 + -13) - (13 - 5).
75
What is 12 + 1 - (-6 - (23 - 14))?
28
What is -90 + 61 + (15 - 2)?
-16
122 + -208 + (-28 - -86)
-28
(-221 + 225 - (-8 + -1)) + -15 + 6 + -3
1
What is the value of -13 + -5 + 5 + (-141 - -140)?
-14
What is (-1 - 10 - 2) + 3 + -2 + 2?
-10
Calculate 6 + 6 + (-2 - -2) - (-2 - 13).
27
What is the value of -58 + (164 - (-50 + 99))?
57
What is (10 - (-29 + 49)) + 10 + 3?
3
Evaluate 72 + (67 + -36 - 36).
67
Calculate (9 - (4 - (-4 - -1 - -7))) + -54.
-45
Evaluate -4 - (-3 + -61) - (7 + -6 + -13).
72
-2 - -2 - (-1 + -4) - (35 - (-64 - -104))
10
What is the value of 1 + 3 + -4 + 8 + -17 - (-32 - -28)?
-5
What is -7 + 0 + 2 + -81 + -71 + 107?
-50
-32 + -16 + (-212 - -365)
105
What is the value of 49 + -98 + 40 - -42?
33
What is (84 - 84) + (0 - (-6 - (-15 - -7))) + -94?
-96
(-15 - 64) + 36 - (6 + -153)
104
Evaluate (39 - 37) + -17 + 28 + 30.
43
-3 + 28 - 20 - 35
-30
-7 + 30 - (1 + -4 + -5)
31
Evaluate 110 + -39 + 30 - 43.
58
What is 6 + 17 - ((-56 - -75) + 61)?
-57
Evaluate (122 - 62 - 89) + 18.
-11
What is 3 - (-33 + (12 - 22) - (-2 + 1 + 1))?
46
Evaluate 22 + (5 - -18) + -28 + -77.
-60
Evaluate -12 + 0 + (2548 - 2535) - (-1 + 13) - -51.
40
29 - ((18 - (21 - -28)) + 111)
-51
Calculate -2 + 6 - ((-45 - -30) + -3 + 30) - -3.
-5
Evaluate 16 - (-131 + (-11 - -85)).
73
Calculate -50 + (25 - (93 + -62)).
-56
Calculate 20 + -52 - ((-5 - 1) + 14 - -4).
-44
Evaluate -5 - -7 - (-3 + (-10 - (5 - 22))) - -9.
7
(57 + 1 - 1) + 116 + -114 - (-1 + 1)
59
Calculate (-1 - -2) + (-16 - (-29 + 41) - 12).
-39
Calculate 48 - (5 - -1 - 12 - (73 + -81)).
46
What is the value of -43 + (-5 + 3 - (-9 + 5)) + 5 + 1?
-35
What is (-59 + 9 - 72) + 68?
-54
Evaluate 20 + 1 + 12 + -25 + 1 - -47.
56
7 + -47 - -128 - (-6 + -2)
96
What is the value of -21 + (-17 - (20 - (67 - -12)))?
21
What is 21 - (-17 - -75) - 44?
-81
What is the value of -203 + (7 - (-184 + 76))?
-88
Evaluate (-7 - (-13 + -17 + 14 + -64)) + -3.
70
What is the value of -4 - (-52 + -2 + 4) - (4 - (18 + -18))?
42
Calculate 7 + 10 + (-31 - -15) + 6 + 5 - 55.
-43
Evaluate -51 + ((-21 - -38 - 13) + -20 - -28).
-39
What is the value of 0 + 40 - (73 + -62) - -16?
45
-14 - (-13 - (-63 + 42))
-22
-31 + (89 - 5) + -134
-81
What is the value of -2615 + 2522 + (0 - -62)?
-31
Evaluate (0 - 87) + -46 + (-39 + 83 - -11).
-78
50 - (38 - 39 - (-6 - -1) - (9 - 2))
53
57 - ((-25 - -151) + -65) - (-2 - (-11 + -2))
-15
-3 + -112 + 159 + (1 - 25)
20
What is (-7 - 8 - -43) + -10 + -42?
-24
What is -11 + (-11 + (18 - -1) - 0)?
-3
What is the value of -3928 - -3882 - (0 - 57)?
11
What is -1 + 79 - (180 + -118 - 39)?
55
What is (-8 - -1 - (-10 + 17)) + 16 + 12 + 9?
23
What is the value of 50 - (73 + -49 + -7 + -1)?
34
Calculate -45 - ((12 - (-45 + 22)) + -19).
-61
What is the value of -11 + 26 + -27 + -1 + 9 - (0 + -2)?
-2
Evaluate (-17 - ((5 - 80) + -7)) + -2.
63
What is the value of -41 + (46 + -45 - (62 + -13))?
-89
Calculate -8 - (-15 - (-23 - -5 - -16)) - (53 - 0).
-48
(-27 - ((-1 - 25) + -6)) + -3 + 0
2
What is the value of (6 - 0 - 5) + -3 + 9 - (55 - 58)?
10
What is the value of -161 - (-511 - -287) - (-2 + 4 + (0 - 4))?
65
Calculate 49 - 0 - (31 - -22 - 42).
38
Evaluate (225 - 68 - 135) + (2 - 0).
24
What is the value of (-26 - -33) + 5 + (-4 - 71) + -5?
-68
Evaluate 260 + -122 + -12 - 228.
-102
What is the value of (136 - (125 + 114)) + (5 - -20)?
-78
What is the value of (-4 + 7 + 19 